{"id":207,"date":"2023-10-01T21:00:03","date_gmt":"2023-10-01T20:00:03","guid":{"rendered":"http:\/\/lafabriquedocumentaire.fr\/?page_id=207"},"modified":"2026-02-10T16:57:34","modified_gmt":"2026-02-10T15:57:34","slug":"a-propos","status":"publish","type":"page","link":"https:\/\/lafabriquedocumentaire.fr\/?page_id=207","title":{"rendered":"\u00c0 propos"},"content":{"rendered":"<p>Depuis 2005, l&rsquo;association <strong>la fabrique documentaire<\/strong> r\u00e9alise des reportages et documentaires sur de grands enjeux internationaux : droits humains, environnement, m\u00e9dias&#8230;<br \/>\nElle organise des festivals de cin\u00e9ma, de proximit\u00e9 et gratuits, dans les espaces publics et les quartiers populaires de Paris nord-est et de Seine-Saint-Denis.<br \/>\nElle enseigne en milieu universitaire les connaissances acquises au fil de ses exp\u00e9riences.<br \/>\nElle entend <strong>informer, partager<\/strong> et <strong>transmettre,<\/strong> avec tout type de public, son engagement en faveur de la mixit\u00e9 sociale et de l&rsquo;\u00e9cologie.<\/p>\n<p style=\"text-align: right;\"><strong>la fabrique documentaire<\/strong><br \/>\n4 rue Auguste Chapuis, F-75020 Paris<br \/>\n<a href=\"mailto:contact@lafabriquedocumentaire.fr\">contact[a]lafabriquedocumentaire.fr<\/a><\/p>\n<p style=\"text-align: right;\"><strong>Associ\u00e9\u00b7e\u00b7s<\/strong><br \/>\n<a href=\"https:\/\/lafabriquedocumentaire.fr\/la-fabrique-docu\/auteur\/benjamin-bibas\/\">Benjamin Bibas<\/a> : + 33 6 80 08 06 82 \/ benjamin.bibas[a]lafabriquedocumentaire.fr<br \/>\n<a href=\"https:\/\/lafabriquedocumentaire.fr\/la-fabrique-docu\/auteur\/sebastien-lecordier\/\">S\u00e9bastien Lecordier<\/a> : + 33 6 70 61 27 54 \/ sebastien.lecordier [a]lafabriquedocumentaire.fr<\/p>\n<p style=\"text-align: right;\"><strong>Bureau<\/strong><br \/>\nPr\u00e9sidente : Eug\u00e9nie Barbezat<br \/>\nTr\u00e9sorier\u00a0: Cl\u00e9ment Konsler<\/p>\n<p style=\"text-align: right;\"><strong>Bilans moraux<br \/>\n<\/strong><a href=\"https:\/\/lafabriquedocumentaire.fr\/wp-content\/uploads\/2026\/02\/RA-lfd-2025_OK.pdf\">Rapport annuel 2025<\/a><strong><br \/>\n<\/strong><a href=\"https:\/\/lafabriquedocumentaire.fr\/wp-content\/uploads\/2025\/03\/lfd_RAPPORT-ANNUEL-2024_OK.pdf\">Rapport annuel 2024<\/a><br \/>\n<a href=\"https:\/\/lafabriquedocumentaire.fr\/wp-content\/uploads\/2025\/01\/Rapport-dactivite-2023-LFD_OK.pdf\">Rapport d\u2019activit\u00e9 2023<\/a><\/p>\n<p style=\"text-align: right;\"><strong>Bilans financiers<\/strong><br \/>\n<a href=\"https:\/\/lafabriquedocumentaire.fr\/wp-content\/uploads\/2026\/02\/Etats-financiers_31-12-2025_lfd_OK.pdf\">Etats financiers au 31 12 2025<\/a><br \/>\n<a href=\"https:\/\/lafabriquedocumentaire.fr\/wp-content\/uploads\/2025\/01\/Etats-financiers_lfd_31-12-2024.pdf\" target=\"_blank\" rel=\"noopener\">Etats financiers aux 31 12 2024<\/a><br \/>\n<a href=\"https:\/\/lafabriquedocumentaire.fr\/wp-content\/uploads\/2025\/01\/Etats-financiers_lfd_31-12-2023.pdf\">Etats financiers au 31 12 2023<\/a><\/p>\n<p style=\"text-align: right;\"><strong>Distinctions<\/strong><br \/>\nLaur\u00e9at M\u00e9daille Ville de Paris &#8211; Juillet 2019<\/p>\n<p>[Image : Festival Cin\u00e9-Jardins au parc de Belleville (Paris 20e), 28 juillet 2023 &#8211; Photo (c) Cyril Badet]<\/p>\n","protected":false},"excerpt":{"rendered":"<p>Depuis 2005, l&rsquo;association la fabrique documentaire r\u00e9alise des reportages et documentaires sur de grands enjeux internationaux : droits humains, environnement, m\u00e9dias&#8230; Elle organise des festivals de cin\u00e9ma, de proximit\u00e9 et gratuits, dans les espaces publics et les quartiers populaires de Paris nord-est et de Seine-Saint-Denis. Elle enseigne en milieu universitaire les connaissances acquises au fil [&hellip;]<\/p>\n","protected":false},"author":2,"featured_media":3167,"parent":0,"menu_order":0,"comment_status":"closed","ping_status":"closed","template":"about.php","meta":{"footnotes":""},"class_list":["post-207","page","type-page","status-publish","has-post-thumbnail","hentry"],"_links":{"self":[{"href":"https:\/\/lafabriquedocumentaire.fr\/index.php?rest_route=\/wp\/v2\/pages\/207","targetHints":{"allow":["GET"]}}],"collection":[{"href":"https:\/\/lafabriquedocumentaire.fr\/index.php?rest_route=\/wp\/v2\/pages"}],"about":[{"href":"https:\/\/lafabriquedocumentaire.fr\/index.php?rest_route=\/wp\/v2\/types\/page"}],"author":[{"embeddable":true,"href":"https:\/\/lafabriquedocumentaire.fr\/index.php?rest_route=\/wp\/v2\/users\/2"}],"replies":[{"embeddable":true,"href":"https:\/\/lafabriquedocumentaire.fr\/index.php?rest_route=%2Fwp%2Fv2%2Fcomments&post=207"}],"version-history":[{"count":19,"href":"https:\/\/lafabriquedocumentaire.fr\/index.php?rest_route=\/wp\/v2\/pages\/207\/revisions"}],"predecessor-version":[{"id":3320,"href":"https:\/\/lafabriquedocumentaire.fr\/index.php?rest_route=\/wp\/v2\/pages\/207\/revisions\/3320"}],"wp:featuredmedia":[{"embeddable":true,"href":"https:\/\/lafabriquedocumentaire.fr\/index.php?rest_route=\/wp\/v2\/media\/3167"}],"wp:attachment":[{"href":"https:\/\/lafabriquedocumentaire.fr\/index.php?rest_route=%2Fwp%2Fv2%2Fmedia&parent=207"}],"curies":[{"name":"wp","href":"https:\/\/api.w.org\/{rel}","templated":true}]}}

À propos

<p>Depuis 2005, l&rsquo;association <strong>la fabrique documentaire</strong> réalise des reportages et documentaires sur de grands enjeux internationaux : droits humains, environnement, médias&#8230;<br />
Elle organise des festivals de cinéma, de proximité et gratuits, dans les espaces publics et les quartiers populaires de Paris nord-est et de Seine-Saint-Denis.<br />
Elle enseigne en milieu universitaire les connaissances acquises au fil de ses expériences.<br />
Elle entend <strong>informer, partager</strong> et <strong>transmettre,</strong> avec tout type de public, son engagement en faveur de la mixité sociale et de l&rsquo;écologie.</p>
<p style="text-align: right;"><strong>la fabrique documentaire</strong><br />
4 rue Auguste Chapuis, F-75020 Paris<br />
<a href="mailto:contact@lafabriquedocumentaire.fr">contact[a]lafabriquedocumentaire.fr</a></p>
<p style="text-align: right;"><strong>Associé·e·s</strong><br />
<a href="https://lafabriquedocumentaire.fr/la-fabrique-docu/auteur/benjamin-bibas/">Benjamin Bibas</a> : + 33 6 80 08 06 82 / benjamin.bibas[a]lafabriquedocumentaire.fr<br />
<a href="https://lafabriquedocumentaire.fr/la-fabrique-docu/auteur/sebastien-lecordier/">Sébastien Lecordier</a> : + 33 6 70 61 27 54 / sebastien.lecordier [a]lafabriquedocumentaire.fr</p>
<p style="text-align: right;"><strong>Bureau</strong><br />
Présidente : Eugénie Barbezat<br />
Trésorier : Clément Konsler</p>
<p style="text-align: right;"><strong>Bilans moraux<br />
</strong><a href="https://lafabriquedocumentaire.fr/wp-content/uploads/2026/02/RA-lfd-2025_OK.pdf">Rapport annuel 2025</a><strong><br />
</strong><a href="https://lafabriquedocumentaire.fr/wp-content/uploads/2025/03/lfd_RAPPORT-ANNUEL-2024_OK.pdf">Rapport annuel 2024</a><br />
<a href="https://lafabriquedocumentaire.fr/wp-content/uploads/2025/01/Rapport-dactivite-2023-LFD_OK.pdf">Rapport d’activité 2023</a></p>
<p style="text-align: right;"><strong>Bilans financiers</strong><br />
<a href="https://lafabriquedocumentaire.fr/wp-content/uploads/2026/02/Etats-financiers_31-12-2025_lfd_OK.pdf">Etats financiers au 31 12 2025</a><br />
<a href="https://lafabriquedocumentaire.fr/wp-content/uploads/2025/01/Etats-financiers_lfd_31-12-2024.pdf" target="_blank" rel="noopener">Etats financiers aux 31 12 2024</a><br />
<a href="https://lafabriquedocumentaire.fr/wp-content/uploads/2025/01/Etats-financiers_lfd_31-12-2023.pdf">Etats financiers au 31 12 2023</a></p>
<p style="text-align: right;"><strong>Distinctions</strong><br />
Lauréat Médaille Ville de Paris &#8211; Juillet 2019</p>
<p>[Image : Festival Ciné-Jardins au parc de Belleville (Paris 20e), 28 juillet 2023 &#8211; Photo (c) Cyril Badet]</p>

<p>Depuis 2005, l&rsquo;association la fabrique documentaire réalise des reportages et documentaires sur de grands enjeux internationaux : droits humains, environnement, médias&#8230; Elle organise des festivals de cinéma, de proximité et gratuits, dans les espaces publics et les quartiers populaires de Paris nord-est et de Seine-Saint-Denis. Elle enseigne en milieu universitaire les connaissances acquises au fil [&hellip;]</p>
